c**2 - c + 4. Let l be n(4). Let o = l + 3. Let x be f(o). Calculate the greatest common factor of x and 14.
7
Suppose -39 = 3*g + 102. Let d = 59 + g. Calculate the greatest common factor of d and 48.
12
Suppose 2*g + 36 = 120. Let l(f) = -6*f**3 - f**2 + 2*f + 3. Let h be l(-1). Calculate the greatest common factor of g and h.
6
Let l = -9074 + 9079. Suppose 0*s + s - 95 = 0. Calculate the highest common factor of l and s.
5
Suppose -3*h = -4*j - 644, h - 3*j = -31 + 254. Let n be h/10 - 10/(-50). Let p = 8 - -13. Calculate the highest common divisor of n and p.
21
Let a be 12/(-9) + 124/12 + (-23 - -15). Let v(h) = -h - 3. Let i be v(-5). What is the highest common factor of a and i?
1
Suppose -2*i + 70 = 14. Let v = -650 + 874. Calculate the greatest common factor of i and v.
28
Suppose 0 = -17*l + 23*l - 450. What is the greatest common divisor of l and 75?
75
Suppose 7*l - 2*l - 15 = 0. Suppose -3*r + 294 = r - l*k, r - 81 = -3*k. Let y be (-4)/10 + 1078/70. Calculate the greatest common factor of y and r.
15
Suppose -r + 90 = 5*m, -17*m + 15*m + r + 36 = 0. What is the greatest common divisor of 456 and m?
6
Suppose 0 = -4*y - 12, 0 = -3*x + y + 4*y + 375. What is the greatest common factor of 24 and x?
24
Let g(w) = -3*w + 15. Let y be g(7). Let r = y - -14. Calculate the highest common factor of 2 and r.
2
Let a(g) = -g**3 + 8*g**2 + 2*g + 1. Let i be a(6). Let h = i + -47. Suppose 72 = 5*u - h. What is the highest common divisor of 88 and u?
22
Suppose j + 5 = o, 0*j - 4*j + 4 = 2*o. Let t be 56/(-12)*96/(-56). What is the greatest common divisor of o and t?
4
Let v(h) = -2*h - 1. Let a = -20 - -28. Let o(g) = g**3 - 9*g**2 + 7*g + 3. Let u be o(a). Let j be v(u). What is the highest common factor of 27 and j?
9
Let i(n) = n. Let z(t) = -15*t - 12. Let u(h) = -12*i(h) - z(h). Let p be u(11). What is the greatest common factor of p and 60?
15
Let z(r) = 81*r + 9. Let v be z(6). Suppose -2*m = 5*s - 725, -4*s - 2*m = -v - 87. What is the highest common factor of s and 13?
13
Suppose 0 = -3*p - 4*a + 119, -4*p + 71 = -4*a - 41. What is the greatest common factor of p and 374?
11
Let l(j) = 3*j**2 - 13. Let d be l(5). What is the highest common factor of 155 and d?
31
Let l = -21 - -26. Suppose 5*p - 31 + 6 = 0. Calculate the greatest common divisor of l and p.
5
Let b(h) = 37*h**2 - h. Let r be b(-1). Let p = 50 - -26. Let d be p/16*60/3. What is the highest common factor of r and d?
19
Suppose v - 4*h - 339 = 0, 0 = 13*v - 9*v + 2*h - 1374. Calculate the greatest common divisor of v and 7.
7
Suppose 3*m - 2*d = -6*d - 92, -4*m = 4*d + 116. Let f = -21 - m. Let l be 165 - (-4 - (f + -4)). Calculate the highest common factor of 24 and l.
24
Suppose 22*v - 29 = 37. What is the highest common divisor of 249 and v?
3
Let t(u) = u + 7. Let r be t(6). Let m = 19 - r. Suppose -9*i + m*i = -162. Calculate the highest common divisor of 18 and i.
18
Let o = 8 - 2. Suppose -334 = -o*s + 2*s - 2*w, -4*w = 2*s - 164. Suppose m + 0*m = 21. What is the highest common divisor of s and m?
21
Let x be 4 + (-36)/(-28) + 18/(-63). What is the highest common factor of x and 415?
5
Let l be ((-14)/(-16))/((-2)/(-112)). Calculate the highest common divisor of l and 1.
1
Let k be 5*(-2 - 0)*(-60)/50. Suppose 0 = -5*h + o + o + 424, 0 = -2*h + 3*o + 174. Calculate the greatest common factor of k and h.
12
Suppose 5*m - 95 = 10. What is the greatest common factor of m and 21?
21
Suppose 0 = 9*p - 4*p - 510. What is the greatest common divisor of 6 and p?
6
Let q be (5 + -6)*(-1 + 1). Suppose q = -5*m + 9*m - 308. Suppose 22 = -5*o + 7*o. Calculate the highest common factor of m and o.
11
Let o(a) = a**3 + 7*a**2 - 9*a - 2. Let f be o(-8). Let x be 43/(-9) + f/(-27). Let q = x - -26. What is the highest common factor of 21 and q?
21
Suppose 4*m - 511 + 71 = 2*v, 3*v = 12. What is the highest common divisor of 7 and m?
7
Let o(v) = 3*v + 7. Let f be o(6). Let r be ((-207)/7 - -1)*32/(864/(-189)). Calculate the highest common divisor of f and r.
25
Suppose -14 = -3*w - 5, -5*t + 5*w = -155. What is the highest common factor of t and 4?
2
Let s be 3 + 0*5/15. Suppose -3*q = 3*r + r - 37, -4*q + s*r = -41. Calculate the greatest common factor of 77 and q.
11
Suppose -10*r = 605 - 2705. Calculate the greatest common factor of 75 and r.
15
Suppose -5*y + 170 = 5*r, -2*r - 123 = -4*y + 1. Let k be (y/4)/4 + 160. Suppose -5*g - k + 767 = 0. What is the highest common divisor of g and 11?
11
Let t be (-18)/30 + (-146)/(-10). Suppose -t*q = -12*q - 96. Let j(m) = m**3 + 6*m**2 - m + 2. Let d be j(-5). What is the greatest common divisor of d and q?
16
Let u = 3281 - 3270. Let v(g) = -g**3 + 6*g**2 + 7*g. Let d be v(7). Let l be 13 - (1 - d - -1). Calculate the highest common divisor of l and u.
11
Let y be (-46)/3 + 6/(-9). Let d = y + 43. Calculate the highest common factor of d and 297.
27
Let q = 17 - 16. Suppose 18 = s - q. What is the greatest common divisor of 57 and s?
19
Let j(h) = 61*h**2 - 16*h - 26. Let o be j(-4). Calculate the greatest common factor of 156 and o.
78
Suppose 0*k + 2*k + 77 = v, 0 = 3*v - k - 211. Calculate the greatest common factor of v and 23.
23
Let v = 592 + -587. What is the greatest common factor of v and 1665?
5
Suppose -t - 4*t + 5 = 0. Let i be t*80 + 18/(-9). Suppose -2*w + 2*f = -48, -4*w = -3*w - 3*f - 20. Calculate the highest common divisor of i and w.
26
Let h(o) = 145*o**2 + 7*o - 9. Let s be h(1). Let z be -2*((-195)/6)/5. What is the highest common factor of s and z?
13
Suppose 6839*x - 6842*x = -450. Calculate the greatest common divisor of x and 165.
15
Let m be -4 + (-3 - 40/5). Let l be (36/m)/(8/(-20)). Calculate the greatest common divisor of l and 30.
6
Let o(c) = 43*c - 7. Let m be o(2). Suppose 5*j - 241 - m = 0. What is the highest common factor of j and 16?
16
Let h = -295 - -335. Calculate the greatest common divisor of h and 440.
40
Suppose -4*u - 3*b = -858, -4*u - b + 1459 = 597. What is the highest common factor of u and 24?
24
Let i = 172 + -157. Calculate the greatest common divisor of 65 and i.
5
Let b be 6253/91 - ((-6)/7)/3. Calculate the highest common factor of 3 and b.
3
Suppose -1269 = -50*k + 431. What is the highest common divisor of k and 799?
17
Let y = -629 + 647. What is the highest common factor of 342 and y?
18
Let l = 12 + 9. Suppose 2*b - l = -m + 16, 5*m = -25. What is the greatest common divisor of b and 147?
21
Let d(a) = -a**3 - 20*a**2 + 19*a + 42. Let s be d(-21). Suppose 5*t - 2*t = 630. What is the highest common factor of s and t?
42
Let s(l) = 13*l**2 + 18*l + 5. Let x be s(-3). What is the highest common divisor of 4 and x?
4
Let f(q) = q. Let t be f(10). Suppose 0 = -a - t*a + 2431. Calculate the highest common factor of a and 17.
17
Suppose -4*q + 0*q + 88 = 0. Suppose 8 = 4*s - 2*n, 0 = 3*s - 7*s - 2*n + 8. What is the greatest common divisor of s and q?
2
Suppose -o + 2*o = 4. Suppose -140 - 28 = -2*p - 4*w, -132 = -2*p + 5*w. Calculate the highest common factor of p and o.
4
Let d = -5965 + 6101. Let q = -20 + 54. What is the greatest common factor of d and q?
34
Let w = 90 - 93. Suppose 0 = 2*t + 4*d, -2*d + 1 - 19 = -2*t. Let p be 712/t - w/9. What is the highest common divisor of 17 and p?
17
Let u(m) be the second derivative of 9*m**3/2 - 13*m**2/2 + 15*m. Let w be u(3). Calculate the greatest common divisor of 34 and w.
34
Let n be ((-18)/(-3))/(3/9). Suppose -2*w - 50 = -68. Calculate the highest common factor of n and w.
9
Let j = -57 - -210. What is the highest common divisor of 63 and j?
9
Let b be 24/(-40) - 16/(-10). Let f = b - -7. What is the greatest common factor of f and 32?
8
Let o = 277 + -205. Calculate the highest common factor of o and 792.
72
Let q be ((-1)/1)/(2/(-10)). Suppose -2*r = q*h - 29, 32 = -r + 6*r - h. Calculate the greatest common divisor of r and 7.
7
Suppose 4*a + 1160 = r - a, -2*a - 5869 = -5*r. What is the greatest common factor of 47 and r?
47
Let r = 12 + -10. Suppose 49 + 39 = r*z. Suppose -4*m + j = 2*j - 83, 130 = 5*m - 4*j. What is the greatest common factor of z and m?
22
Let d = 196 - 161. Let m(c) = 4*c - 3. Let o be m(3). Let b = -4 + o. What is the highest common factor of b and d?
5
Let n be (-1)/3 - 1190/(-6). What is t